ate the remainder when k is divided by 36.
34
Suppose 2*f = 4*f + 4*w - 84, -2*f - 2*w = -92. Suppose -i = 4*i - f. Let t(q) = 2*q - 6. Calculate the remainder when i is divided by t(6).
4
Suppose -r - 12 = h - 0*r, 2*h + 3*r = -24. Let s = -43 + 53. What is the remainder when s is divided by (h/15)/(2/(-15))?
4
Let c(p) = p + 7. Calculate the remainder when 8 is divided by c(-4).
2
Let h be 3*-2*(-4)/8. Calculate the remainder when 5 is divided by (h - 9/2)*-2.
2
Let c(u) be the first derivative of u**4/4 - 2*u**3/3 + 2*u + 2. Let g = 2 - -19. What is the remainder when g is divided by c(3)?
10
Suppose 0 = 4*n - 10*n + 150. What is the remainder when n is divided by 9?
7
Let x(q) = q**3 + 14*q**2 - 14*q + 17. Let r be x(-15). Suppose 3*y - 42 = r*y. Let k = -25 - -47. What is the remainder when y is divided by k?
20
Suppose -x + 35 = 3. Let m(l) = -l**3 - 2*l**2 + 3*l - 3. Let c(y) = -y - 1. Let d be c(3). Calculate the remainder when x is divided by m(d).
15
Let m be (0 - -9)*2/6. Suppose -m*d = -0*d + 12. Calculate the remainder when ((-42)/12)/(2/d) is divided by 3.
1
Suppose -4*p + 2*x + 212 = 44, -5*x + 168 = 4*p. What is the remainder when 124 is divided by p?
40
Let b(q) = -1 - 1 + 0 - 2*q. Suppose 0 = h + u + 4, 6*h + 5*u = 3*h - 16. What is the remainder when 3 is divided by b(h)?
1
What is the remainder when 10 - 2 - -3*1 is divided by 3?
2
Let n(j) = j**2 - j - 3. Let u be n(3). Suppose 0 = -u*b + b + 16. Suppose -2*h - 2*g + 19 = -9, -h = 3*g - 16. What is the remainder when h is divided by b?
5
Let z(n) = n**2 + 5*n + 3. Let a be z(-5). Suppose 27 = 3*q - a*h, -2*q = 3*q + 2*h - 17. Let w(y) = y - 4. Calculate the remainder when 1 is divided by w(q).
0
Suppose 0 = 4*g + 4*g - 16. Suppose 3*f + f - 4 = 4*q, -2*q = -2. What is the remainder when g is divided by f?
0
Suppose -4*n + 310 = -f - 0*f, 5*n - 3*f = 391. What is the remainder when n is divided by 6*(-38)/(-15) + (-4)/(-5)?
13
Let p(t) = 10*t**2 - 10*t + 1. Calculate the remainder when p(4) is divided by 42.
37
Let c be 1/(-3) + (-28)/(-12). Suppose 0 = -3*d + o - 7, -3*o = c*o - 5. Let g(f) = f**2 + 1. Calculate the remainder when 13 is divided by g(d).
3
Let c be 80/28*14/4. Let l = 4 + c. Calculate the remainder when 39 is divided by l.
11
Let s(u) = -u + 4. Let h be s(2). Suppose 2*m = -h*m + 2*k + 206, -5*k = -m + 74. Calculate the remainder when m is divided by 17.
15
Suppose -f + 29 = -27. Suppose -3*y + f = u + 12, 4*u - 141 = -5*y. What is the remainder when u is divided by 8?
5
Let n(g) = 2*g**2 - 4*g - 8. Calculate the remainder when 10 is divided by n(4).
2
Let z(h) be the first derivative of -h**4/4 + 2*h**3/3 + h**2/2 - 2*h + 3. Let b(u) = -3*u - 5. What is the remainder when z(-2) is divided by b(-4)?
5
Let b be (-107)/(-7) + 10/(-35). Suppose -4*o = -25 + 5, 0 = 5*w - 2*o - b. Calculate the remainder when 13 is divided by w.
3
Suppose 0*k - 4 = -4*k. Let m be (3 - 4)/k*0. Suppose -5*u + 40 = -m. What is the remainder when 14 is divided by u?
6
Let b(f) = -f + 7. Let q(y) = -8. Let l(a) = 2*b(a) + 3*q(a). Let u be l(-8). Suppose -4*v = -u*v + 24. Calculate the remainder when 35 is divided by v.
11
Suppose -2*z + 3*z = 11. Let n = 18 - z. Calculate the remainder when 12 is divided by n.
5
Let y(c) = c + 1. Let j be y(-6). Let u be 582/15 + (-1)/j. Let h = u + -28. What is the remainder when h is divided by 4?
3
Suppose 4*v = 6*v. Suppose -3*m = 2*a - v*m + 5, 0 = -5*m - 15. Suppose 0 = 2*n + a*n - 8. What is the remainder when 2 is divided by n?
0
Let x(a) = 2*a**2 + 3*a - 2. Let b = 17 - 12. What is the remainder when x(-4) is divided by b?
3
Let v(m) = 2*m**3 + 2. Let x = -33 - -58. Suppose -5*h + x = -4*g + 212, -2*g + h + 101 = 0. What is the remainder when g is divided by v(2)?
17
Suppose g = -4*g + 280. Let h = g + -11. Let m = h - 30. Calculate the remainder when m is divided by 8.
7
Let t(y) = 16*y + 3. Calculate the remainder when t(4) is divided by 17.
16
Let a(m) = m**3 + m**2 + 82. Calculate the remainder when a(0) is divided by 28.
26
What is the remainder when 15/(-10)*44/(-6) is divided by (-4 + 2)/(-2)*2?
1
Let o = 0 - -3. Let z = -4 + 6. What is the remainder when o is divided by z?
1
Let n be (0 + (87 - -2))/1. Suppose -3*g = 5*w - 5*g - n, w + 5*g - 7 = 0. Calculate the remainder when w is divided by 5.
2
Let f = 61 + -37. What is the remainder when f is divided by 14?
10
What is the remainder when ((-39)/(-1))/(-3 + 4) is divided by 10?
9
Suppose 15*h - 23*h + 720 = 0. Calculate the remainder when h is divided by 4.
2
What is the remainder when (-66)/(-2) - (-1 + 6) is divided by 17?
11
Let c(u) = 6 + 2*u + 2*u - 4 + u**2 - 3*u. Calculate the remainder when c(-3) is divided by 5.
3
Suppose 3*s + 3*m - 10 = 8, m - 18 = -3*s. What is the remainder when 27 is divided by s?
3
Let j be 4/6 - (-6)/(-9). Suppose 4*o + 10 = 2*x, -x + j*x + 3*o = -5. Suppose 15 = x*k - 40. Calculate the remainder when 31 is divided by k.
9
Suppose 21 = -62*b + 65*b. Suppose -3*n = 33 - 93. What is the remainder when n is divided by b?
6
Suppose -5*h + 47 - 2 = 0. Let l be (0 - 1*-2)*1. Suppose 12 = -x + 5*z + 32, 0 = l*z - 2. Calculate the remainder when x is divided by h.
7
Let h = 3 - 0. Suppose 4*i - 10 = -h*v, 2*i + 7 = 5*v - i. Suppose 5*s = -v*w + 4 - 1, 0 = -3*w + 3*s + 57. What is the remainder when 26 is divided by w?
12
Suppose g - 4*g = 9. Let a = 31 - 18. Calculate the remainder when a is divided by ((-45)/27)/(1/g).
3
Let g = -8 - -10. Suppose g*l - 3*v = 53, 4*l + v = -v + 98. Calculate the remainder when l is divided by 13.
12
Let z = 2 - 5. What is the remainder when 6 is divided by (-4)/((z - -2)*1)?
2
Suppose -2*t + 5 + 5 = 0. Let q be (-62)/(-6) - 1/3. Suppose 0 = 2*o - 0 - q, -t*a + 20 = -2*o. What is the remainder when 16 is divided by a?
4
Suppose r = -2 + 10. Let j(x) = -x**2 + 10*x - 12. Let v be j(r). Let b = v - -9. What is the remainder when b is divided by 4?
1
Suppose -5*s = 3*w - 288, 4*s - 4*w - 224 = -0*w. Suppose -155 = 3*i - 8*i. Let b = s - i. Calculate the remainder when b is divided by 9.
8
Let f = 130 + -81. Let a(w) = -4*w**2 - w + 5. Let h be a(-3). Let k = 45 + h. Calculate the remainder when f is divided by k.
15
Suppose h + 3*f - 46 - 27 = 0, -2*h - 2*f = -126. What is the remainder when h is divided by 12?
10
Suppose 5*t - 22 = 7*t. Let k(n) = -2*n - 12. What is the remainder when 37 is divided by k(t)?
7
Let u(q) = 6*q - 21. Suppose -3*v = 3*o - 3 - 51, -4*v = -4*o + 80. What is the remainder when u(16) is divided by o?
18
Let i be 24/5 + (-2)/(-10). Suppose -i*t + 58 = -22. What is the remainder when 30 is divided by t?
14
Let b be 1 + -56 + 1*-2. Let c = -35 - b. Calculate the remainder when 64 is divided by c.
20
Suppose 0 = -2*d - 0*d + 16. Let h = 159 + -107. Suppose 2*p - 5*l - 38 = 16, -h = -2*p + 4*l. What is the remainder when p is divided by d?
6
Suppose 10 = -5*p + 35. Suppose 2*o = -0*o - 3*w - p, 5*w = -4*o - 5. What is the remainder when 8 is divided by o?
3
Let k be 1 + 0 + (3 - 1). Let t(f) = f + 1 - k*f + f + 4*f**2. What is the remainder when 7 is divided by t(1)?
3
Suppose 0 = g - b - 18, 4*g = -2*b - 17 + 113. Calculate the remainder when g is divided by -5*(14/(-10) + -1).
10
Suppose 0 = -y - 0*y + 23. Calculate the remainder when y is divided by 6.
5
Suppose -4*z - 5*w + 104 = 0, -18*z = -20*z + w + 38. Let x(c) = 11*c**2 - c - 1. Calculate the remainder when x(2) is divided by z.
20
Suppose -4*m - 42 = q, -3*m + 3*q - 28 = 2*q. What is the remainder when (m/6)/(2/(-42)) is divided by -4*(-6)/4*2?
11
Suppose l + 3 = 0, 0*o + 2 = -2*o - 4*l. Suppose -4*t = o*u + 13, -5*u - 3*t = -0*t + 11. Let d = 19 + u. Calculate the remainder when d is divided by 10.
8
Let q(i) = -i + i**3 + 13*i - 2 + 14*i**2 + 0*i**3. Calculate the remainder when q(-13) is divided by 7.
4
Suppose -26 = -3*y + y. Calculate the remainder when 23 is divided by y.
10
Let j(q) = q**3 - 14*q**2 - 8*q - 27. What is the remainder when j(15) is divided by 20?
18
Suppose 5*z - 46 = 84. Suppose 10 = -4*x + z. Suppose 50 = -x*a + 6*a - 3*i, -a + 25 = 5*i. What is the remainder when a is divided by 13?
12
Calculate the remainder when (-2)/(452/(-148) - -3) is divided by 10.
7
Suppose 0 = -2*m, 20 = 2*c - 0*c - 4*m. What is the remainder 